t common divisor of n and 231.
21
Let q be 2 + 0 - (-23)/(-1). Let w be q/3 + 1 + -1. Let z(t) = -t**2 - 8*t - 2. Let d be z(w). What is the highest common divisor of d and 2?
1
Suppose s = 2*w + 88, 3*s = 7*s - w - 324. What is the greatest common divisor of s and 40?
40
Suppose -3*m - 5*n = -16, 0*m - n = -3*m + 4. Calculate the highest common factor of m and 14.
2
Suppose -b + h - 151 = -3*b, 103 = b - 5*h. What is the greatest common factor of b and 13?
13
Suppose -n + 165 = 2*n. Let i = -31 + n. Suppose 4*v + i = 8*v. Calculate the greatest common factor of v and 30.
6
Let y(g) = -3*g**3 + 2*g**2 - 4*g + 11. Let s be y(-5). What is the highest common divisor of s and 57?
57
Let o(q) = 4*q - 4. Let g be o(3). Let t be (-1)/((-1)/g*2). Suppose t*m = -8, -2*a + 92 = 3*m + 20. What is the highest common factor of 13 and a?
13
Let d be 1/5 - (-80)/(-25). Let s be 7 + 0 - -2 - d. Calculate the greatest common divisor of 12 and s.
12
Suppose 4*k + 28 = 4*r - 48, 5*k + 53 = 3*r. What is the greatest common divisor of r and 84?
21
Let g be (-1008)/(-70) - (14/10 + -1). Calculate the highest common factor of g and 56.
14
Suppose 0 = -2*j - 0*j + 2*g + 32, 3*j - 4*g - 49 = 0. What is the greatest common factor of j and 3?
3
Let h(a) = -a**2 + 11*a - 9. Let w be h(8). Let y(m) = -m**2 + 13*m - 15. Let c be y(10). Let f = c + -10. What is the highest common factor of f and w?
5
Let k be (0 + -4)/(-4) + 1. Let c(v) be the second derivative of -v**3/3 - 9*v**2/2 - v. Let b be c(-6). What is the highest common factor of k and b?
1
Let q be 39/52*(4 + 0). Suppose 77 = q*h - 43. Calculate the highest common divisor of 8 and h.
8
Let t(l) = 6*l - 10. Let q be t(7). Calculate the highest common factor of q and 96.
32
Let a be -2 + (0 - -2)*1. Suppose a = v - 2 - 0. Suppose -2*t + 2*h = -276, v*h - 5 = h. Calculate the highest common factor of 13 and t.
13
Let u be (-16 - -13)*(-5)/3*2. What is the greatest common divisor of u and 6?
2
Let m = -148 + 6. Let b(o) = -29*o**2 - 1. Let q be b(-1). Let n = q - m. Calculate the greatest common divisor of n and 14.
14
Let b be 35*3*4/12. Calculate the highest common divisor of b and 7.
7
Suppose 0 = -2*o - 0*o. Let i be 48/2 + 0 + o. Let c be 2/((21/12)/7). Calculate the highest common factor of c and i.
8
Let n be (-456)/(-6)*1/(-2). Let y = 13 - n. What is the greatest common factor of y and 34?
17
Let o be 4/6*(-1)/2*-51. Calculate the highest common divisor of o and 153.
17
Let f be 2/(-7) + 76/(-28). Let q be f - (-6)/(-9)*9. Let j(d) = -7*d + 1. Let y be j(q). Calculate the highest common factor of y and 16.
16
Let y(k) = 6*k**2 - 7*k + 8. Let i be y(10). Suppose -4*m + i = m + 4*r, 2*m + 4*r = 208. What is the greatest common factor of 11 and m?
11
Let s = -46 + 82. Calculate the highest common factor of 27 and s.
9
Suppose -40 = p - 6*p - 5*k, 4*p + k = 17. Suppose 0*g = 2*g - 4*h - 80, -g + 49 = h. Let o = 79 - g. What is the highest common divisor of o and p?
3
Let n(x) = x - 43. Let r be n(0). Let p(j) = -j**2 - 19*j + 1. Let s be p(-15). Let q = s + r. Calculate the highest common factor of 162 and q.
18
Let v = 17 - 10. What is the highest common divisor of v and 49?
7
Let d(p) = 118*p + 10. Let r(s) = 353*s + 29. Let v(h) = -8*d(h) + 3*r(h). Let k be v(3). Calculate the highest common factor of 32 and k.
32
Let p = -54 - -58. Suppose n + 0*n + 18 = 2*r, r - 2 = 4*n. Calculate the highest common factor of p and r.
2
Let i = 12 + -12. Suppose i = g + 3 - 124. What is the highest common factor of g and 11?
11
Suppose -3*m + 3*w = -21, 4*m - 4 = -2*w + 54. Let f = -17 + 65. Calculate the highest common factor of f and m.
12
Suppose -4*d - 15 = d. Let l be 3/6 + 17/(-2). Let q be (l/d - 2)*18. What is the greatest common divisor of q and 48?
12
Let g(f) = -65*f + 1. Let b be g(-1). Let q = -24 - -68. What is the highest common divisor of q and b?
22
Let p(g) = 2*g + 1. Let w be p(6). Let y = 315 + -250. What is the greatest common factor of y and w?
13
Let w = -12 - -11. Let j be (-329)/(-28) - w/4. What is the greatest common divisor of 36 and j?
12
Let b = 9 + 10. What is the highest common factor of 95 and b?
19
Suppose -m - 3 = 2. Let w(s) = s**2 - 2*s - 7. Let i be w(m). What is the highest common divisor of 42 and i?
14
Let z = 62 + -34. What is the greatest common divisor of 140 and z?
28
Let l be (-1)/2 - 10/(-4). Calculate the greatest common factor of l and 14.
2
Suppose 4*l = l + 6. What is the greatest common factor of l and 2?
2
Let b be (-1)/5*2*-50. Suppose -5*a + 475 = 5*o, 2*a - 7*a = -b. Let z = 11 - -2. What is the highest common factor of z and o?
13
Suppose -169 = -2*f - 49. Suppose -h + f = h. Let c be 6 - (30/(-135) + (-58)/(-18)). What is the highest common divisor of c and h?
3
Let c be 3/(-6)*121*-2. Let f be (-1)/((-2)/(-22))*-1. Calculate the greatest common divisor of c and f.
11
Let l be -2*(-6)/3 + -1. Suppose 2*d = l*d - 42. Let j(w) = -w**3 - 10*w**2 - 11*w - 11. Let c be j(-9). Calculate the highest common divisor of d and c.
7
Let r = -6 - -13. Suppose -2 - 3 = 5*h. Let b = h + r. Calculate the greatest common divisor of b and 2.
2
Let m = -93 - -225. Let r = m - 82. Let n = 102 - r. What is the greatest common divisor of n and 13?
13
Suppose -3*p + 0*p + 4*l + 7 = 0, 19 = 5*p - 3*l. Let b = 14 - 8. Suppose p*u - b*u = -3. What is the greatest common divisor of u and 24?
3
Suppose -13*h = -19*h + 528. What is the highest common factor of 33 and h?
11
Suppose 4*t + 17 = 5*t - 5*r, -2*t + 2*r = -34. Suppose -3 - t = -2*w. Calculate the greatest common divisor of 30 and w.
10
Let h be 2/(-5)*4465/(-94). Suppose -2*u = -4*u. Let w be 114/(-4)*(u - 2). Calculate the highest common factor of w and h.
19
Suppose -d = m - 22, 5*m - d - 128 = -0*d. Calculate the greatest common divisor of 5 and m.
5
Let s = 176 + -108. Calculate the highest common factor of 4 and s.
4
Let p be 154/10 - (-4)/(-10). Suppose 9 = 5*z + 4*d, 4*d = 3*z - d - 35. What is the greatest common divisor of z and p?
5
Let y be (2 - -1) + 13/1. What is the greatest common factor of y and 16?
16
Let a = -2 + 2. Let s be (a - (-8)/3)*12. Let h = s + 10. Calculate the greatest common factor of h and 105.
21
Let y be (-9)/(-6)*(4 - 2). Suppose l - 5*l + 229 = 5*d, -y*d = -5*l + 240. What is the highest common factor of 34 and l?
17
Let z be ((-12)/(-9))/((-4)/(-30)). Suppose 59 + 121 = 3*b. Suppose 0 = 2*j - 6*j + b. Calculate the greatest common factor of z and j.
5
Suppose 0*t - 2*t = 5*k - 108, -54 = -t + 5*k. Let x = t - 33. What is the highest common factor of x and 3?
3
Let w(a) = 2*a**2 - 2. Let s be w(-3). Suppose -3*c = -5*c + 12. Let x be (s/c)/(3/45). Calculate the greatest common factor of 100 and x.
20
Suppose -5*c = 3*x - 25, 0 = 3*c + 2*c - 25. Suppose -2*w - 3*w + 55 = x. Let n = w + -5. What is the highest common divisor of n and 15?
3
Let f(n) = -2*n - 10. Suppose 5*q + 3 = 38. Let k be f(q). Let i = k - -200. What is the highest common factor of i and 16?
16
Suppose 4*w = -w + 245. Let c(r) = -2*r - 4. Let n(y) = -2*y - 3. Let a(h) = 4*c(h) - 5*n(h). Let g be a(4). What is the greatest common factor of g and w?
7
Let i = 249 - 84. What is the highest common factor of i and 15?
15
Let m(q) = -2*q**2 + 18*q + 12. Let a be m(8). Calculate the greatest common divisor of 252 and a.
28
Suppose -4*k + 15 = k. Suppose 147 - 39 = -k*g. Let m be g/21*21/(-2). What is the greatest common divisor of m and 27?
9
Let j = -2 + 13. Let c = 238 - 117. Calculate the greatest common factor of j and c.
11
Suppose 4*u = 4*x - 60, 3*u + 10 + 13 = x. Suppose -2*b + 3*b - x = 0. Calculate the greatest common factor of b and 121.
11
Let o be (-6)/((-48)/34) - 3/(-4). Calculate the greatest common divisor of 20 and o.
5
Let o = -7 + 12. Calculate the highest common factor of o and 45.
5
Suppose -4*g + 4*d = 3*d - 66, -4*g - d + 62 = 0. Let p(l) = -2 + 39*l - 2 - 49*l. Let x be p(-2). What is the greatest common divisor of x and g?
16
Suppose f = -0*f + 4. Let y be (30/8)/(1/f). What is the highest common divisor of 45 and y?
15
Suppose -2*u - 4*v + 6 + 2 = 0, 2*u - 2*v = 8. Suppose -u*r = -3*r - 35. What is the highest common factor of 5 and r?
5
Let a(p) = 2*p - 15. Let w be a(16). Suppose -2*v - 331 = -2*u + 3*v, 15